 4*c, 3*c = -5*f + 24. List the prime factors of 3/f + 5 + 2.
2
Suppose 5*h + 14 = w, 4*h + 2*w - 1 = -15. List the prime factors of 6 + 3/h*1.
5
Suppose -3*r + 25 = -0*r - 5*k, r + 15 = -3*k. List the prime factors of -1 - r - -1*3.
2
Suppose -18 - 27 = -5*g. List the prime factors of g.
3
Let x be 51 + 3*12/9. Let z = -2 + 6. Suppose z*a - x = -a. What are the prime factors of a?
11
Let n be 0 - 14/(-1*2). Let y = -45 - -41. Let b = n + y. List the prime factors of b.
3
Let c be 2/(-10) + 21/5. Suppose 0 = -3*t - c - 2, 4*t + 5 = -q. Suppose h = q*h - 8. What are the prime factors of h?
2
Let m be 2/(-5)*(1 + -6). Suppose m*x + x = 228. Suppose -55 = -5*g - 3*i, -x = -4*g - 2*i + 6*i. What are the prime factors of g?
2, 7
Let n(b) = b**2 + 3. Let v be n(0). Let s = -51 - -99. Suppose -o - v*o = -s. List the prime factors of o.
2, 3
Let u(v) = -v**3 + 4*v**2 + 6*v - 4. Let i be u(4). Let b = -40 + i. What are the prime factors of (-208)/b + (-6)/(-10)?
11
Let n(c) be the first derivative of -c**4/4 - 2*c**3/3 + c**2 + 4. List the prime factors of n(-3).
3
List the prime factors of (1/3)/(0 + 2/570).
5, 19
Suppose 0 = -i + 1 + 6. Suppose i*b - 28 = 5*b. List the prime factors of b.
2, 7
Suppose 3*v - 4*v = 2*d - 3, 3*v = -5*d + 12. Let u(m) = 9 - m**2 - m**2 - 9*m + 3*m**2. What are the prime factors of u(v)?
3
Suppose 0 = -3*c - 4*u - 7 + 42, -2*u + 10 = 0. Suppose -4*r = 3*z + c, -4*z = -6*z - r + 5. Suppose -54 = -z*m + 6. What are the prime factors of m?
2, 3
Let h(r) = r**2 - 6*r + 4. Let l be h(6). Suppose 0 = 2*s - l*s. Suppose -c + s = -4. What are the prime factors of c?
2
Suppose 7*r + 448 = 14*r. List the prime factors of r.
2
Let c(t) = t + 1. Let w(f) = f + 2. Let h(g) = 3*c(g) - w(g). Let r be h(-3). Let n = r + 11. List the prime factors of n.
2, 3
Suppose -w + 21 + 7 = 3*c, 2 = c. List the prime factors of w.
2, 11
Suppose 0 = 4*d + 4, y - d - 84 = -15. Suppose 4*s + 5 - y = o, 87 = 5*s - 4*o. What are the prime factors of s?
3, 5
Suppose -3*t + 12 = -6. Let r = t + -4. Suppose -10 = -4*j + r. What are the prime factors of j?
3
Let m(h) = h**2 + 5. Let l be m(-4). Let i = l - 12. List the prime factors of (-18)/8*(-24)/i.
2, 3
Let m be (-3)/(-3) + (-2)/(-1). What are the prime factors of 1/(-1*m/(-12))?
2
Let z = 55 - 38. Suppose 0 = -2*j, -j - z = -n + 4*j. What are the prime factors of n?
17
Let u(g) = -g**3 - 9*g**2 + 6*g - 15. List the prime factors of u(-12).
3, 5, 23
Let x(t) be the first derivative of 1/3*t**3 - 1 + 14*t + 0*t**2. What are the prime factors of x(0)?
2, 7
Let i be ((-21)/6 + 0)*-2. Suppose 0 = -q - 2 + i. List the prime factors of q.
5
Let k = 9 - 4. Let s = 9 - 6. Suppose -s*l - x + 7 = -5, 0 = 4*l + 5*x - k. What are the prime factors of l?
5
List the prime factors of 2/3 - (-776)/24.
3, 11
Suppose 20 + 6 = 2*s. Suppose -3*g = r - s, 3*g - r - 1 = r. Suppose 0 = -4*b + 4*w + 20, 4*w + 2 = b + g. List the prime factors of b.
7
Let w = 62 - 38. Let u(t) = t**2 + 17*t + 2. Let v be u(-17). Suppose -v*r + 4*r = w. List the prime factors of r.
2, 3
Let x(f) = -9*f + 5. Let n be x(2). What are the prime factors of n - -11 - (-42 + 1)?
3, 13
Let a be (-41)/4 - (-3)/12. Let l(s) = -s + 1. What are the prime factors of l(a)?
11
Let y = 23 + -21. What are the prime factors of y?
2
Suppose 2*k - 2*i = 126, 5*k + i - 209 - 88 = 0. What are the prime factors of k?
2, 3, 5
Let v(w) = 15*w + 1. Let g be v(-1). List the prime factors of (-540)/g + 4/(-7).
2, 19
Suppose 15 = -4*u + 79. What are the prime factors of u?
2
Suppose -s - 3*s - 102 = 5*f, 100 = -5*f - 5*s. Suppose -15 = -9*o + 4*o. What are the prime factors of (1 - o)/(4/f)?
11
Let z be (-195)/(-27) + 4/(-18). Suppose h - z = -3. Suppose 0 = h*y + 15 - 63. What are the prime factors of y?
2, 3
Suppose 3*g - 25 - 29 = 0. Let d = -8 + g. List the prime factors of d.
2, 5
Let u(x) = -14*x + 2. What are the prime factors of u(-8)?
2, 3, 19
Let p(y) = y**3 - y**2 + y + 1. Let m(v) = 3*v**3 - 11*v**2 + 3*v - 10. Let a(b) = -m(b) + 2*p(b). What are the prime factors of a(9)?
3
Let z = 27 - 1. List the prime factors of z.
2, 13
Let d be (6/(-3))/((-2)/3). Let h = d + 0. Suppose 18 = 2*i + 5*k, -3*i = h*k - 58 + 22. List the prime factors of i.
2, 7
Let a(m) = -2*m + 10. Let b be a(9). Let c be (22/b)/((-1)/20). Suppose -5*s + 160 = c. What are the prime factors of s?
3, 7
Let a(g) = g**2 + 9*g - 6. Let z(j) = -j**2 - 9*j + 7. Let r(k) = 6*a(k) + 7*z(k). What are the prime factors of r(-10)?
3
Suppose 24*b = 8*b + 1840. List the prime factors of b.
5, 23
Suppose 0 = -5*t + t + 12. Let i = -9 - -13. Suppose 2*g + 5*l = -0*g + 9, -57 = -i*g + t*l. What are the prime factors of g?
2, 3
Suppose 98 = 5*f + a, -5*f + 3*a + 86 = -0*f. What are the prime factors of f?
19
Let d(y) = -y**2 - 5*y + 4. Let x be d(-5). Let g(q) = q + 9. Let h be g(-4). Suppose 2*u = -h*l + 25, -2*u - x = 2*l - 4*u. What are the prime factors of l?
3
Suppose 3*b + 4*r = 22, 0*r = -5*b + 2*r + 54. Suppose 4*g - 2 = -u, 2*u - 22 = -g + b. List the prime factors of u.
2, 3
Let d(w) = 33*w**2 + w + 1. Let t be d(-1). Let r = 74 - t. Let u = r + -23. List the prime factors of u.
2, 3
What are the prime factors of (-3)/(-2) + (-99)/(-6)?
2, 3
Suppose -2*u = 3*s - 72 - 3, 36 = s - 3*u. What are the prime factors of s?
3
Let z = 5 + -8. Let c(f) = -f**3 - 3*f**2 + 2. Let h be c(z). Let l = 3 + h. What are the prime factors of l?
5
Let i(w) = w**3 + 5*w**2 - 5*w + 6. Let q be i(-6). Let a = q + 5. Suppose -a*p + p = -20. What are the prime factors of p?
5
Let h(n) = -3*n. Let u(g) = 16*g + 1. Let q(k) = -11*h(k) - 2*u(k). Let i be q(2). Suppose 0 = -x + 2*b + 13 - i, 3*b = -x + 3. What are the prime factors of x?
3
Let u(x) = -15*x - 11. List the prime factors of u(-3).
2, 17
Let s(k) = -k**3 - k**2 + 40. Let t = -17 + 17. What are the prime factors of s(t)?
2, 5
Let a(t) = t**3 + 5*t**2 - 9*t - 3. Let b(v) = 2*v + 7. Let x be b(7). Let k be ((-39)/x - -1)*7. What are the prime factors of a(k)?
3, 5
Suppose 2*n + 2*n - 20 = 0. Suppose 20 = n*i + 55. What are the prime factors of 1*-1*(i + -2)?
3
Let y(h) = -h**3 - 6*h**2 - 5*h + 7. Let g = -16 - -11. Let z be y(g). Suppose s + 3*p + z = 0, -s - p = -1 - 0. What are the prime factors of s?
5
Let u(c) = -c**2 + 2. Let j be u(-2). Let q = -7 - j. Let g(l) = l**3 + 6*l**2 + 2*l - 7. List the prime factors of g(q).
2
Let w = 84 + -56. What are the prime factors of w?
2, 7
Let s(p) be the third derivative of p**6/120 + p**5/10 - p**4/24 + p**3/3 + 3*p**2. What are the prime factors of s(-6)?
2
Suppose -1 + 435 = 7*z. What are the prime factors of z?
2, 31
Let z(p) = 3*p + 9. Let a be z(-6). Let b = 4 - -9. Let k = b + a. List the prime factors of k.
2
Suppose 0 = 2*c + c - 126. Let n = -17 + c. What are the prime factors of n?
5
Let d be 1/5 + (-48)/(-10). Suppose -d*p = -3 - 2, -3*p = -5*o + 37. List the prime factors of o.
2
Let l(b) = -b**3 + 2*b**2 + b + 3. Let r be l(3). Let a be 1 - (1 + -2 + r). Suppose -6*g + 2*t = -g - 41, a*t + 43 = 4*g. What are the prime factors of g?
7
Suppose 4*a + 3*g = -0*a + 103, -2*a - 5*g = -55. What are the prime factors of a?
5
Let h be (-15)/(-6)*(0 - 2). Let j = h + 8. Suppose j*l + 52 = 7*l. What are the prime factors of l?
13
Suppose 0 = 3*d - 2*d - 5. Suppose -7 = 4*v - 23. Suppose -d = v*l - 29. What are the prime factors of l?
2, 3
List the prime factors of 4*6/(-6)*42/(-4).
2, 3, 7
Let m(w) = 20*w**3 - w**2 + 2*w - 1. Let i = 1 - 0. What are the prime factors of m(i)?
2, 5
Let x = 0 - -5. Suppose -12 = -x*t + 13. What are the prime factors of t?
5
Let d(a) = -22*a + 22. List the prime factors of d(-5).
2, 3, 11
What are the prime factors of 26*2 + 25 + -28?
7
Suppose 0 = -t - 1 - 2. Let x(b) = -b**3 - 3*b**2 + 5*b + 4. Let n be x(t). List the prime factors of 238/22 + (-2)/n.
11
Let r(j) = j**2 + j - 6. Suppose 27 + 9 = 4*x + 4*m, 3*x = 2*m + 7. What are the prime factors of r(x)?
2, 3
Let j be 3/(-3)*(-1 - -6). Let h = 9 + j. What are the prime factors of h?
2
Let c(j) = -3*j + 6*j - 3*j - j. Let l be c(-2). What are the prime factors of 45/20 - l/8?
2
Let o(m) = -6*m**2 - 4*m + 6. Let k(y) = y**2 + y - 1. Let u(g) = -11*k(g) - 2*o(g). What are the prime factors of u(4)?
3
Let g = -7 - -14. Suppose -g*o - 45 = 